{"id":3856,"date":"2022-11-30T16:15:40","date_gmt":"2022-11-30T15:15:40","guid":{"rendered":"http:\/\/guarderiatrobajo.es\/?page_id=3856"},"modified":"2022-11-30T17:36:49","modified_gmt":"2022-11-30T16:36:49","slug":"politica-de-privacidad","status":"publish","type":"page","link":"https:\/\/guarderiatrobajo.es\/index.php\/politica-de-privacidad\/","title":{"rendered":"Pol\u00edtica de privacidad"},"content":{"rendered":"<p><strong>\u00daltima actualizaci\u00f3n: 30-Nov-2022<\/strong><br><strong>Fecha de entrada en vigor 30-Nov-2022<\/strong><\/p><p>Esta Pol\u00edtica de Privacidad describe las pol\u00edticas de Peque\u00f1ecos &#8211; Centro Infantil, C. Sauce, 8, Trobajo del Camino 24010, Espa\u00f1a, email: info@guarderiatrobajo.es, tel\u00e9fono: 987 72 07 53 sobre la recopilaci\u00f3n, el uso y la divulgaci\u00f3n de la informaci\u00f3n que recopilamos cuando usted utiliza nuestro sitio web ( http:\/\/guarderiatrobajo.es ). (el \u00abServicio\u00bb). Al acceder o utilizar el Servicio, usted acepta la recopilaci\u00f3n, el uso y la divulgaci\u00f3n de su informaci\u00f3n de acuerdo con esta Pol\u00edtica de Privacidad. Si no da su consentimiento, le rogamos que no acceda ni utilice el Servicio.<\/p><p>Podemos modificar esta Pol\u00edtica de Privacidad en cualquier momento sin previo aviso y publicaremos la Pol\u00edtica de Privacidad revisada en el Servicio. La Pol\u00edtica revisada entrar\u00e1 en vigor a los 180 d\u00edas de su publicaci\u00f3n en el Servicio y su acceso o uso continuado del Servicio despu\u00e9s de ese momento constituir\u00e1 su aceptaci\u00f3n de la Pol\u00edtica de Privacidad revisada. Por lo tanto, le recomendamos que revise peri\u00f3dicamente esta p\u00e1gina.<\/p><pre class=\"wp-block-code\"><code><strong>Informaci\u00f3n que recogemos:<\/strong>\n\n<strong>Recogeremos y procesaremos la siguiente informaci\u00f3n personal sobre usted:<\/strong>\n    Nombre\n    Correo electr\u00f3nico\n    M\u00f3vil\n\n<strong>C\u00f3mo utilizamos su informaci\u00f3n:<\/strong>\n<strong>Utilizaremos la informaci\u00f3n que recopilemos sobre usted para los siguientes fines:<\/strong>\n    Crear una cuenta de usuario\n    Testimonios\n    Informaci\u00f3n de administraci\u00f3n\n    Gestionar la cuenta de usuario\n\nSi queremos utilizar su informaci\u00f3n para cualquier otro prop\u00f3sito, le pediremos su consentimiento y utilizaremos su informaci\u00f3n s\u00f3lo al recibir su consentimiento y, entonces, s\u00f3lo para el prop\u00f3sito(s) para el que otorgamos el consentimiento a menos que estemos obligados a hacer lo contrario por la ley.\nRetenci\u00f3n de su informaci\u00f3n:\n\nConservaremos su informaci\u00f3n personal con nosotros durante 3 A\u00f1os o durante el tiempo que necesitemos para cumplir con los fines para los que se recogi\u00f3 como se detalla en esta Pol\u00edtica de Privacidad. Es posible que necesitemos retener cierta informaci\u00f3n durante per\u00edodos m\u00e1s largos, como el mantenimiento de registros \/ informes de acuerdo con la legislaci\u00f3n aplicable o por otras razones leg\u00edtimas como el cumplimiento de los derechos legales, la prevenci\u00f3n del fraude, etc. La informaci\u00f3n an\u00f3nima residual y la informaci\u00f3n agregada, ninguna de las cuales le identifica a usted (directa o indirectamente), puede ser almacenada indefinidamente.\nSus derechos:\n\nDependiendo de la ley que se aplique, usted puede tener derecho a acceder y rectificar o borrar sus datos personales o recibir una copia de sus datos personales, restringir u objetar el tratamiento activo de sus datos, pedirnos que compartamos (traslademos) su informaci\u00f3n personal a otra entidad, retirar cualquier consentimiento que nos haya proporcionado para el tratamiento de sus datos, derecho a presentar una queja ante una autoridad legal y otros derechos que puedan ser relevantes seg\u00fan las leyes aplicables. Para ejercer estos derechos, puede escribirnos a <a href=\"mailto:info@guarderiatrobajo.es\" title=\"\">info@guarderiatrobajo.es<\/a>. Responderemos a su solicitud de acuerdo con la legislaci\u00f3n aplicable.\n\nTenga en cuenta que si no nos permite recoger o procesar la informaci\u00f3n personal requerida o retira el consentimiento para procesar la misma para los fines requeridos, es posible que no pueda acceder o utilizar los servicios para los que se solicit\u00f3 su informaci\u00f3n.\nCookies, etc.\n\nPara saber m\u00e1s sobre c\u00f3mo las utilizamos y sus opciones en relaci\u00f3n con estas tecnolog\u00edas de seguimiento, consulte nuestra <a href=\"http:\/\/guarderiatrobajo.es\/index.php\/politica_de_cookies\">Pol\u00edtica de Cookies<\/a>.\n\n<strong>Seguridad:<\/strong>\n\nLa seguridad de su informaci\u00f3n es importante para nosotros y utilizaremos medidas de seguridad razonables para evitar la p\u00e9rdida, el mal uso o la alteraci\u00f3n no autorizada de su informaci\u00f3n bajo nuestro control. Sin embargo, dados los riesgos inherentes, no podemos garantizar una seguridad absoluta y, en consecuencia, no podemos asegurar o garantizar la seguridad de cualquier informaci\u00f3n que nos transmita y usted lo hace bajo su propio riesgo.\n\n<strong>Responsable de reclamaciones \/ protecci\u00f3n de datos:<\/strong>\n\nSi tiene alguna duda o preocupaci\u00f3n sobre el tratamiento de su informaci\u00f3n disponible con nosotros, puede enviar un correo electr\u00f3nico a nuestro responsable de quejas a Peque\u00f1ecos - Centro Infantil, C. Sauce, 8, correo electr\u00f3nico: <a href=\"mailto:info@guarderiatrobajo.es\" title=\"\">info@guarderiatrobajo.es<\/a>. Atenderemos sus inquietudes de acuerdo con la legislaci\u00f3n aplicable.<\/code><\/pre>","protected":false},"excerpt":{"rendered":"<p>\u00daltima actualizaci\u00f3n: 30-Nov-2022Fecha de entrada en vigor 30-Nov-2022 Esta Pol\u00edtica de Privacidad describe las pol\u00edticas de Peque\u00f1ecos &#8211; Centro Infantil, C. Sauce, 8, Trobajo del Camino 24010, Espa\u00f1a, email: info@guarderiatrobajo.es, tel\u00e9fono: 987 72 07 53 sobre la recopilaci\u00f3n, el uso y la divulgaci\u00f3n de la informaci\u00f3n que recopilamos cuando usted utiliza nuestro sitio web ( [&hellip;]<\/p>\n","protected":false},"author":1,"featured_media":0,"parent":0,"menu_order":0,"comment_status":"closed","ping_status":"closed","template":"","meta":{"om_disable_all_campaigns":false,"_monsterinsights_skip_tracking":false,"_monsterinsights_sitenote_active":false,"_monsterinsights_sitenote_note":"","_monsterinsights_sitenote_category":0,"footnotes":""},"class_list":["post-3856","page","type-page","status-publish","hentry"],"aioseo_notices":[],"jetpack_sharing_enabled":true,"_links":{"self":[{"href":"https:\/\/guarderiatrobajo.es\/index.php\/wp-json\/wp\/v2\/pages\/3856","targetHints":{"allow":["GET"]}}],"collection":[{"href":"https:\/\/guarderiatrobajo.es\/index.php\/wp-json\/wp\/v2\/pages"}],"about":[{"href":"https:\/\/guarderiatrobajo.es\/index.php\/wp-json\/wp\/v2\/types\/page"}],"author":[{"embeddable":true,"href":"https:\/\/guarderiatrobajo.es\/index.php\/wp-json\/wp\/v2\/users\/1"}],"replies":[{"embeddable":true,"href":"https:\/\/guarderiatrobajo.es\/index.php\/wp-json\/wp\/v2\/comments?post=3856"}],"version-history":[{"count":4,"href":"https:\/\/guarderiatrobajo.es\/index.php\/wp-json\/wp\/v2\/pages\/3856\/revisions"}],"predecessor-version":[{"id":3902,"href":"https:\/\/guarderiatrobajo.es\/index.php\/wp-json\/wp\/v2\/pages\/3856\/revisions\/3902"}],"wp:attachment":[{"href":"https:\/\/guarderiatrobajo.es\/index.php\/wp-json\/wp\/v2\/media?parent=3856"}],"curies":[{"name":"wp","href":"https:\/\/api.w.org\/{rel}","templated":true}]}}